{"id":477,"date":"2023-04-09T15:44:16","date_gmt":"2023-04-09T13:44:16","guid":{"rendered":"http:\/\/uzmanlabcy.com\/?page_id=477"},"modified":"2023-07-20T11:15:21","modified_gmt":"2023-07-20T09:15:21","slug":"uzman-laboratuvari-iletisim","status":"publish","type":"page","link":"http:\/\/uzmanlabcy.com\/index.php\/uzman-laboratuvari-iletisim\/","title":{"rendered":"Uzman Laboratuvar\u0131 \u0130leti\u015fim"},"content":{"rendered":"\n<h2 class=\"wp-block-heading\" style=\"font-size:28px\">Uzman Laboratuvar\u0131 \u0130leti\u015fim<\/h2>\n\n\n\n<h3 class=\"wp-block-heading has-luminous-vivid-amber-color has-text-color\" style=\"font-size:22px\"><strong>\u0130leti\u015fim Bilgileri:<\/strong><\/h3>\n\n\n\n<p class=\"has-text-align-left\" style=\"font-size:18px\"><strong>Adres:<\/strong> Yavuz Gonnolu Sokak, No. 18, Ortak\u00f6y, Lefko\u015fa<\/p>\n\n\n\n<p style=\"font-size:18px\"><strong>Telefon:<\/strong> <span style=\"text-decoration: underline;\">0542 852 33 92<\/span>, <span style=\"text-decoration: underline;\">0533 852 33 92<\/span>, <span style=\"text-decoration: underline;\">0392 22 38712<\/span><\/p>\n\n\n\n<p style=\"font-size:18px\"><strong>Email:<\/strong> <span style=\"text-decoration: underline;\">info@uzmanlabcy.com<\/span>, <span style=\"text-decoration: underline;\">kulual@yahoo.com<\/span><\/p>\n\n\n\n<p style=\"font-size:18px\"><strong>\u00c7al\u0131\u015fma Saatleri:<\/strong> Hafta \u0130\u00e7i: 08.00 \u2013 18.00 , Cumartesi:08.00 \u2013 13.00<\/p>\n","protected":false},"excerpt":{"rendered":"<p>Uzman Laboratuvar\u0131 \u0130leti\u015fim \u0130leti\u015fim Bilgileri: Adres: Yavuz Gonnolu Sokak, No. 18, Ortak\u00f6y, Lefko\u015fa Telefon: 0542 852 33 92, 0533 852 33 92, 0392 22 38712 Email: info@uzmanlabcy.com, kulual@yahoo.com \u00c7al\u0131\u015fma Saatleri: Hafta \u0130\u00e7i: 08.00 \u2013 18.00 , Cumartesi:08.00 \u2013 13.00<\/p>\n","protected":false},"author":1,"featured_media":0,"parent":0,"menu_order":0,"comment_status":"closed","ping_status":"closed","template":"","meta":{"neve_meta_sidebar":"","neve_meta_container":"","neve_meta_enable_content_width":"","neve_meta_content_width":0,"neve_meta_title_alignment":"","neve_meta_author_avatar":"","neve_post_elements_order":"","neve_meta_disable_header":"","neve_meta_disable_footer":"","neve_meta_disable_title":"","_themeisle_gutenberg_block_has_review":false,"footnotes":""},"class_list":["post-477","page","type-page","status-publish","hentry"],"_links":{"self":[{"href":"http:\/\/uzmanlabcy.com\/index.php\/wp-json\/wp\/v2\/pages\/477","targetHints":{"allow":["GET"]}}],"collection":[{"href":"http:\/\/uzmanlabcy.com\/index.php\/wp-json\/wp\/v2\/pages"}],"about":[{"href":"http:\/\/uzmanlabcy.com\/index.php\/wp-json\/wp\/v2\/types\/page"}],"author":[{"embeddable":true,"href":"http:\/\/uzmanlabcy.com\/index.php\/wp-json\/wp\/v2\/users\/1"}],"replies":[{"embeddable":true,"href":"http:\/\/uzmanlabcy.com\/index.php\/wp-json\/wp\/v2\/comments?post=477"}],"version-history":[{"count":4,"href":"http:\/\/uzmanlabcy.com\/index.php\/wp-json\/wp\/v2\/pages\/477\/revisions"}],"predecessor-version":[{"id":720,"href":"http:\/\/uzmanlabcy.com\/index.php\/wp-json\/wp\/v2\/pages\/477\/revisions\/720"}],"wp:attachment":[{"href":"http:\/\/uzmanlabcy.com\/index.php\/wp-json\/wp\/v2\/media?parent=477"}],"curies":[{"name":"wp","href":"https:\/\/api.w.org\/{rel}","templated":true}]}}